*3 + d**2 + 17. Suppose 0 = -z - 3*z. Suppose 0 + 18 = 3*u. Calculate the remainder when n(z) is divided by u.
5
Suppose -2*a - 5 = -3*u - 0*a, u + 5*a - 13 = 0. Calculate the remainder when u is divided by 1.
0
Let d(w) be the second derivative of -w**5/20 - w**4/6 - 2*w**2 + 6*w. Calculate the remainder when 12 is divided by d(-3).
2
Suppose 0 = a + h, 4*a - 2*h - 5 = 13. Let i(f) = -f + 8. Calculate the remainder when i(0) is divided by a.
2
What is the remainder when 2 + -5 + 4 + 26 is divided by 15?
12
Let a = -7 + 11. Suppose 6*b - 3*b = -5*u - 11, a*b + 3*u = 0. Suppose b*k - 2 = 2*j, j - 5*k + 5 = -10. Calculate the remainder when 7 is divided by j.
2
Suppose -4*g - 2*b = -529 + 143, b = 2*g - 183. Calculate the remainder when g is divided by 16.
14
Let x = -38 - -47. Calculate the remainder when 26 is divided by x.
8
Suppose 3*c - 48 = -3*u, -c + 64 = 4*u + 2*c. Suppose 124*j = 115*j + 54. Calculate the remainder when u is divided by j.
4
Let z(k) = 3*k - 9. Let p be z(9). Suppose p = i + 2*i. Calculate the remainder when i is divided by 3.
0
Let a be 19/3 - (-4)/(-12). Let y be 0/((-1)/1)*-1. Suppose s + y*s - a = 0. Calculate the remainder when s is divided by 2.
0
Suppose -4*g - 3*h + 126 = -164, 2*h = -2*g + 146. What is the remainder when g is divided by 25?
21
Let y be ((-18)/(-15))/(4/10). Suppose -2*r + 21 = -y*q - 1, -5*r - 4*q = -78. Calculate the remainder when 27 is divided by r.
13
Suppose -b - 39 = -4*b. Calculate the remainder when 36 is divided by b.
10
Suppose h = 92 + 172. Suppose 3*v = -3*s + 33 + 192, -4*v + h = -5*s. What is the remainder when v is divided by 18?
17
Suppose -3*k - 3*f - 41 = -8, -25 = 5*k - f. Calculate the remainder when 29 is divided by 8*(k/(-2))/3.
5
Let a = 2 - -6. Calculate the remainder when (-5)/20*6*-10 is divided by a.
7
Let z = -12 + 57. Calculate the remainder when z is divided by 23.
22
Let p(a) = a**2 - 8*a + 3. Let k be p(7). Let g = 24 + k. Calculate the remainder when 152/(-2)*(-1)/2 is divided by g.
18
Let q(i) = 7*i + 3. Let u = 11 - 16. Let p(h) = 8*h + 2. Let y(v) = u*q(v) + 4*p(v). Calculate the remainder when y(-7) is divided by 4.
2
Let r(t) = t**3 - 5*t**2 - 7*t + 5. Let v be r(6). Let i = 7 + v. Calculate the remainder when 4/(6*(-1)/(-15)) is divided by i.
4
What is the remainder when 328/18 - (-12)/(-54) is divided by 10?
8
Let q be 74/(-6) - 4/(-12). Let n(r) = -r**2 - 13*r - 8. Calculate the remainder when n(q) is divided by 3.
1
Suppose -3*y + 3 = -3. Calculate the remainder when y is divided by 2.
0
What is the remainder when 19 is divided by -4 - (0 + -10 + -4)?
9
Let o(b) = -b**3 - b**2 - b + 17. Let g be o(0). Suppose -2*d - g = -41. What is the remainder when 45 is divided by d?
9
Let y = 9 + 1. Let a be 0 + (-6)/(0 - 1). Let x(d) = d**3 - 5*d**2 - 4*d - 6. Calculate the remainder when y is divided by x(a).
4
Let k = 197 - 136. Suppose 2*c = k + 7. What is the remainder when c is divided by 18?
16
Suppose 0 = -y + g + 12, 5*y + 2*g + 2*g = 105. Calculate the remainder when y is divided by 5.
2
Let s = -36 + 22. Calculate the remainder when 66 is divided by 46/3*(-21)/s.
20
Let l be 5 - ((-3)/(-1) - 1). Let p = -1 + l. Suppose j - 22 = -2*i, 3*i - 53 = -p*i - 3*j. Calculate the remainder when 25 is divided by i.
12
Let z(n) = n**2 + 6*n - 2. Calculate the remainder when z(-8) is divided by 8.
6
Let x(c) = c - 3. Let r be 3/(-7) + (-180)/(-28). What is the remainder when x(r) is divided by 2?
1
Suppose -2*d - d = -6. Let g(k) = 29*k - 1. Calculate the remainder when g(d) is divided by 15.
12
Calculate the remainder when 184 is divided by (6 - 12/2) + 1 + 36.
36
Let u(m) = -m**2 - 10*m - 9. Let i be u(-10). Calculate the remainder when 2060/45 + (-2)/i is divided by 16.
14
Let i be ((-32)/20)/((-4)/10). Let g = -3 + 1. Calculate the remainder when 11 is divided by (g + -1)*i/(-3).
3
Suppose -3*b - 24 = -3*y, -5*y = -4*b + b - 28. Let i(a) = -2*a - 8. Let f be i(b). Suppose -2*k + f = -10. What is the remainder when k is divided by 4?
3
Calculate the remainder when 47 is divided by 9/((-54)/(-24))*2/2.
3
Let a = 69 - 63. Suppose -3*w + 55 = w + 3*i, -4*i = 2*w - 40. What is the remainder when w is divided by a?
4
Suppose -b + 99 = 4*b - 3*r, 0 = 2*r + 6. Let u(q) = -q + 3. Let j be u(4). What is the remainder when b is divided by 2 + j + (-12)/(-2)?
4
Let p be (2/(-4))/((-2)/20). Suppose -o - 14 = -r - p, -2*o = -4*r + 42. What is the remainder when 47 is divided by ((-4)/2 + 3)*r?
11
Let j = 62 + -103. Let f = 61 + j. What is the remainder when f is divided by 11?
9
Let f(v) = v**2 - 1. Let y(m) = 2*m**2 - 5*m + 6. What is the remainder when y(5) is divided by f(3)?
7
Let p(j) be the second derivative of -2*j**2 - j + 0 - 1/12*j**4 + 4/3*j**3. What is the remainder when p(5) is divided by 4?
3
Let p(s) = s**3 + 9*s**2 + 3*s - 5. Calculate the remainder when p(-7) is divided by 15.
12
Let i = 119 + -72. Suppose 3*l + l = -84. Let f = -5 - l. Calculate the remainder when i is divided by f.
15
Suppose 2*h - 193 = -127. Calculate the remainder when 131 is divided by h.
32
Let u be (4/(-5))/((-10)/225). Calculate the remainder when 608/u + (-8)/(-36) is divided by 12.
10
Let l = 0 + 0. Let y = l - -2. What is the remainder when y*1 + (-4 - -30) is divided by 10?
8
What is the remainder when 2/(-10)*0 - -126 is divided by 26?
22
Let y(w) = -9*w + 7. What is the remainder when 49 is divided by y(-2)?
24
Suppose 3*k - 2*k - 16 = -3*b, 5*k - 4 = 4*b. Suppose -5*r + l - 4*l = -42, -4*r + 5*l = -k. What is the remainder when 21 is divided by r?
3
Let s = -101 - -143. Let p(y) = -2*y - 7. Let n be p(-6). Suppose 3*k - n*j - 22 = 0, -3*j = 5*k - 6*j - s. What is the remainder when 26 is divided by k?
8
Let k = 16 - 7. Calculate the remainder when 15 is divided by k.
6
Suppose -2*x - 4*m = x - 40, -3*m - 57 = -5*x. Calculate the remainder when ((-7)/(-3))/(4/60) is divided by x.
11
Let f = -31 - -52. Suppose -t - u + f = u, t = -3*u + 23. What is the remainder when 32 is divided by t?
15
Suppose o + 25 + 3 = 2*j, -3*o + 12 = 0. Let w(s) = -7*s + 14. What is the remainder when w(-7) is divided by j?
15
Suppose 0 = d - 4*d + 63. Suppose -l = -9*l + 480. Calculate the remainder when l is divided by d.
18
Let k be 0*(-1)/4*-2. Let n be k - -2 - 2 - -4. Suppose -n*o + 17 = -3*o. Calculate the remainder when o is divided by 9.
8
Let v(d) = 50*d**2 - 1. Calculate the remainder when 191 is divided by v(-1).
44
Let k be (-1)/4 + (-84)/(-16). Suppose -4*y - 4 = k*i + 19, -i - 7 = 2*y. Let j = i - -4. Calculate the remainder when j is divided by 1.
0
Suppose 5*t - 415 = 5*m, -2*m + 2*t = -m + 82. What is the remainder when 47 is divided by 18/(-7)*m/18?
11
Suppose 7*k = 18 + 367. What is the remainder when k is divided by 16?
7
Suppose 2*w - m - 1 = 1, 5*w + 3*m = 5. What is the remainder when 1 is divided by w?
0
Let i be 1*(-2)/4*-10. Let g = -8 + i. Let r(x) = -4*x - 4. Calculate the remainder when r(g) is divided by 3.
2
Let m(w) = -w**2 - 6*w + 4. Suppose 0*h = 2*h - 2*s + 2, h + 2*s = -16. Let i be m(h). Suppose 128 = i*l - 4. What is the remainder when l is divided by 9?
6
Let k(m) = -m**3 - 11*m**2 - 3*m - 8. Calculate the remainder when k(-11) is divided by 7.
4
Suppose -3*g = 2*g - 15. Suppose 5*c - 36 = -21. Calculate the remainder when g is divided by c.
0
Let q = -73 + 107. Calculate the remainder when 236 is divided by q.
32
Let z(h) be the first derivative of h**2 - 1. Let n be z(6). Suppose -n + 0 = -4*t. What is the remainder when 7 is divided by t?
1
Let g be 276/(-10) + (-14)/35. Let y = g + 64. Suppose -5*p + 79 = -y. What is the remainder when p is divided by 12?
11
Let a(t) = 5*t**2 - 9*t + 9. What is the remainder when a(5) is divided by 13?
11
Suppose 0 = a - 3 - 8. What is the remainder when 41 is divided by a?
8
Let y be (-2 - -2)*(-5)/10. Suppose y = j - 2*k - 21, j + 2*k - 9 = 4. Calculate the remainder when 66 is divided by j.
15
Suppose -3*c - 11 = 4, -4*g + 173 = -5*c. What is the remainder when 183 is divided by g?
35
Let w(r) = r**2 - r + 7. Calculate the remainder when 62 is divided by w(3).
10
Suppose 0 = n - 3*n + 138. Let x = -449 - -467. Calculate the remainder when n is divided by x.
15
Suppose -24 = -s + 18. What is the remainder when s is divid